 + 116 + (7 - 7) is divided by 40.
38
Let r(j) = -j**3 + 17*j**2 - 31*j + 9. Let g be r(15). What is the remainder when 5 is divided by (g/(-2))/(18/30)?
0
Suppose 49 = -4*b - 3. Let s(x) = x**2 + 14*x + 13. Let q be s(b). Let j(t) = t + 11. Calculate the remainder when 21 is divided by j(q).
10
Let i(y) = -y**3 + 11*y**2 - 10*y + 12. Let q be i(9). Suppose q = b + 3*b. What is the remainder when b is divided by 6?
3
Suppose 4*s = -2*r - s + 38, -2*r = s - 38. Calculate the remainder when 130 is divided by r.
16
Suppose -41*x + 57*x = 1008. What is the remainder when 684 is divided by x?
54
Let r(w) = w - 13. Suppose 20 - 100 = -5*a. What is the remainder when 10 is divided by r(a)?
1
Suppose 0 = 3*s + 4*p - 172, 2*s = s + 5*p + 51. Calculate the remainder when 220 is divided by s.
52
Let r = 11 + -4. Suppose 0*u + u = r. Calculate the remainder when 12*(3 + (-6)/4) is divided by u.
4
Suppose -u = 5*b - 2651 + 154, -6 = -3*u. Calculate the remainder when b is divided by 56.
51
What is the remainder when (3/(-9))/((-19)/570) is divided by 3?
1
Suppose 30 = -65*z + 68*z. Let f(s) = 8*s + 7. What is the remainder when f(4) is divided by z?
9
Let b = 853 + -251. What is the remainder when b is divided by 5?
2
Let s(v) = 113*v - 304. What is the remainder when s(3) is divided by 6?
5
Let a be (-69)/(-4)*(-24)/(-9). Suppose 0*z - 2*z + a = 4*u, 115 = 5*z + 3*u. Calculate the remainder when 90 is divided by z.
21
Let g(r) = 482*r - 4. Let u be g(2). Calculate the remainder when 89 is divided by u/54 - 2/(-9).
17
Let t = 464 + -420. Calculate the remainder when t is divided by 6.
2
Suppose 3*t = -19*o + 18*o + 4, -4*t + 20 = 5*o. Calculate the remainder when 17 is divided by o.
1
What is the remainder when 196 is divided by 2/(-4) - (-4 + (-222)/12)?
20
Suppose 0 = 5*c - 124 - 91. Suppose -3*k - 22 = 5*o - 47, 2*o + 2*k = 10. What is the remainder when c is divided by o?
3
Let m = 8 - 2. Let w = 12 - m. Let b(p) = 2*p**2 + 51*p + 305. What is the remainder when b(-17) is divided by w?
4
Let r = -227 - -108. Let m = 140 + r. Calculate the remainder when m is divided by 3.
0
Calculate the remainder when ((-2)/7)/(7/2156*-2) is divided by 3.
2
Let g(w) = -w**2 + 2*w - 3. Let j be g(3). Let i be 2*1*(-39)/j. Let m = 15 - i. Calculate the remainder when 2 is divided by m.
0
Suppose -y - y - 144 = 0. Let z = y - -94. Calculate the remainder when 104 is divided by z.
16
Suppose 69*t = 75*t - 90. Suppose 30 = d + 3*m, 69 = -4*d - 2*m + 179. Calculate the remainder when d is divided by t.
12
Let k = -16 - -33. Let m(y) = -8*y + 8. Let a(z) = z**3 + 4*z**2 - 6*z - 10. Let v be a(-5). Calculate the remainder when m(v) is divided by k.
14
Let g = 6 + 3. Let z be (6/g)/((-4)/(-30)). Let c = 5 + z. Calculate the remainder when 27 is divided by c.
7
Suppose -5*r - 304 + 74 = 0. Let i = r + 66. What is the remainder when i is divided by 10?
0
Let o(s) = 35*s**3 + s**2 - s + 1. Let b be o(1). Let g = b + -21. Suppose 0 = d + 5, 200 = 8*p - 3*p + 2*d. Calculate the remainder when p is divided by g.
12
Let r be (-299 + -3)*(-1)/2. Suppose -5*s + 64 = 5*u - r, 5*s = -2*u + 74. Calculate the remainder when 93 is divided by u.
46
Let d(b) = -59*b. What is the remainder when d(-1) is divided by (-33)/(-165) - (2 - (-228)/(-10))?
17
Let m = -900 - -967. Calculate the remainder when 320 is divided by m.
52
Let w = 414 - 361. Calculate the remainder when 99 is divided by w.
46
Let o be ((-40)/50)/((-2)/190). Suppose -2*x - x + 84 = 3*j, 4*x - o = 5*j. Suppose -4*v = -v - x. Calculate the remainder when v is divided by 3.
2
Suppose 184 = 3*f + 5*f. Suppose -6*c - 5 = -f. What is the remainder when 10 is divided by c?
1
Suppose 68 = -5*v - 4*q, 0 = -v - 4*q + 5*q - 10. Let g = v - -20. Calculate the remainder when g is divided by 2.
0
Suppose -56*y + 620 = -25*y. What is the remainder when (-2720)/(-35) + 4/14 is divided by y?
18
Let s(u) = -3*u + 12. Calculate the remainder when s(-13) is divided by (36 - -3)*(-2)/(-6).
12
Let s = -538 - -555. What is the remainder when 320 is divided by s?
14
Let q = -30 - -64. Suppose 0 = 37*m - q*m - 9. Suppose 4*z - 284 = -5*u, -z + m*u = 4*z - 392. Calculate the remainder when z is divided by 26.
24
Suppose -4*i - 12 + 40 = 0. Let t(o) = -14*o**3 + 6*o**3 + 9*o**3 + 3*o + 5*o**2. Calculate the remainder when i is divided by t(-4).
3
Let h = 3 + 1. Suppose 3*n = 3*c - 63, 2*c - h*c = 5*n - 7. What is the remainder when c is divided by 5?
1
Suppose 5*u - 644 + 179 = 0. Calculate the remainder when 258 is divided by u.
72
Let o = 40 + -11. Let f = o + -14. What is the remainder when 58 is divided by f?
13
Let y = 37 + -20. Suppose -2*c - w + 9 + 10 = 0, c = -3*w + y. Calculate the remainder when (-1)/(3/(-93)*1) is divided by c.
7
Let b(w) = w**3 - 11*w**2 - 11*w - 6. Suppose -5*t - 66 = -6. Let j = t - -24. What is the remainder when 10 is divided by b(j)?
4
Let g(w) = w**2 + 16*w + 4. Suppose -3*z = 11 + 46. Calculate the remainder when g(z) is divided by 16.
13
Let m be 3 - (-4)/(-6)*3. Calculate the remainder when 124 is divided by -1 - (m + 0 + -16).
12
Suppose -5*f + 4*b + 95 = 0, -5*f + 4*f + 25 = -2*b. Let r = f - -13. Let a = r - 13. What is the remainder when a is divided by 8?
7
Suppose 13 = 2*h - c + 86, -h = -2*c + 32. Suppose -4*m + 3*z + 40 = -232, 12 = 3*z. Let u = h + m. What is the remainder when u is divided by 9?
6
Suppose -47*q + 43*q + 812 = 0. Suppose -8*h = -h - q. Calculate the remainder when 56 is divided by h.
27
Let y = -1622 + 1667. Let j = 31 - 19. Calculate the remainder when y is divided by j.
9
Suppose -3981 = -15*k + 249. What is the remainder when k is divided by 97?
88
Let v(q) = 5*q**2 - 23*q - 6. Let z(g) = -4*g**2 + 23*g + 5. Let k(m) = -2*v(m) - 3*z(m). What is the remainder when 15 is divided by k(12)?
6
Let i(z) = z. Let a(j) = 4*j - 109. Let l be 1/(1/3 + 0). Let k(s) = l*i(s) - a(s). Calculate the remainder when k(0) is divided by 28.
25
Suppose 5*r - w = 445, 267 = r + 2*r + 3*w. What is the remainder when r is divided by 83?
6
Let q(l) = l**2 - l - 2. Let m be q(0). Let y be m/8 + 12/48. Suppose y = 5*k - 4 - 121. What is the remainder when 72 is divided by k?
22
Let y = -24 + 40. Suppose -y = 2*b - 6*b. Calculate the remainder when 86 is divided by 352/24*6/b.
20
Suppose 6*q = -6 + 6. Suppose q = 9*o - 266 - 193. Calculate the remainder when o is divided by 13.
12
Let s be (16/(-6))/(-2)*(2 + 1). Suppose -4*d + 8 = -s*u, 5*d - u + 0 - 6 = 0. Calculate the remainder when 1 is divided by d.
0
Suppose t - 168 = -15. What is the remainder when t is divided by 23?
15
Suppose -2*p = -l - 426, 3*p + 226 = -2*l + 872. Calculate the remainder when p is divided by 12.
10
Let k = -2797 - -2858. Suppose -4*t - t - 2 = -3*y, y = -4*t + 29. Calculate the remainder when k is divided by y.
7
Let a be -2 - (15*(1 - 2) + -2). Suppose 0 = -8*z + 3*z + a. Calculate the remainder when 13 is divided by z.
1
Calculate the remainder when 25 is divided by -5 - -19 - (4 + -3).
12
Suppose 0 = 2*y - y - 3. Suppose 10*f - 170 = 40. What is the remainder when f is divided by (-6 - -15) + y/1?
9
Let y = -193 - -253. Calculate the remainder when 117 is divided by y.
57
Let n = 14 - 4. Suppose -k = 2*o + k - 4, 0 = 3*o + k - 8. Suppose 12 = o*m + m. Calculate the remainder when n is divided by m.
1
Suppose 0 = k - 5*j - 4, j - 5 = -4*j. Let r(u) = -u**2 + 9*u + 8. Let y = -27 - -64. Calculate the remainder when y is divided by r(k).
5
What is the remainder when 219 is divided by 11 - (-202)/22 - 2/11?
19
What is the remainder when 358 is divided by (12*6)/(2 + -1)?
70
Suppose 5*y - 5 - 15 = 0. Let f(v) = v**2 - v + 3. Calculate the remainder when f(y) is divided by 9.
6
Suppose 0*k - k = -2*r - 1, -4*k + 4*r = -12. Suppose 4*h = 142 + 274. Suppose -l - h = -k*l. What is the remainder when 51 is divided by l?
25
Let o(u) = -2*u**3 - 33*u**2 - 17*u + 6. Calculate the remainder when 857 is divided by o(-16).
21
Suppose -72 = -5*b + r, 6*r + 10 = r. Let p(m) = 5*m - 40. Calculate the remainder when p(b) is divided by 19.
11
Let z = -236 + 245. Calculate the remainder when 40 is divided by z.
4
Let i(a) be the first derivative of -a**4 - a**3 - 3*a**2/2 - a - 2. Calculate the remainder when 96 is divided by i(-2).
21
Suppose -10